{"id":32,"date":"2025-05-08T17:52:30","date_gmt":"2025-05-08T15:52:30","guid":{"rendered":"https:\/\/www.rolland-design-creation.fr\/psychologue\/index.php\/home\/"},"modified":"2025-05-10T16:46:21","modified_gmt":"2025-05-10T14:46:21","slug":"home","status":"publish","type":"page","link":"https:\/\/www.rolland-design-creation.fr\/psychologue\/","title":{"rendered":"Accueil"},"content":{"rendered":"\n<div class=\"wp-block-uagb-container aos-zoom-in uagb-block-6cc4f6e0 alignfull uagb-is-root-container\"><div class=\"uagb-container-inner-blocks-wrap\">\n<div class=\"wp-block-uagb-info-box uagb-block-fd971502 uagb-infobox__content-wrap  uagb-infobox-icon-above-title uagb-infobox-image-valign-top wp-block-uagb-info-box--has-margin aos-fade-up aos-delay-500\"><div class=\"uagb-infobox-margin-wrapper\"><div class=\"uagb-ifb-content\"><div class=\"uagb-ifb-title-wrap\"><p class=\"uagb-ifb-title-prefix\">Orientation, soutien PERSONNEL ET professionnel<\/p><h1 class=\"uagb-ifb-title\">Cabinet de Psychologie<br> \u00e0 Paris<\/h1><\/div><div class=\"uagb-ifb-button-wrapper wp-block-button\"><a href=\"contact\/\" class=\"uagb-infobox-cta-link wp-block-button__link\" target=\"_self\" rel=\"noopener noreferrer\" onclick=\"return true;\"><span class=\"uagb-inline-editing\">Prendre rendez-vous<\/span><\/a><\/div><\/div><\/div><\/div>\n<\/div><\/div>\n\n\n\n<div class=\"wp-block-uagb-container uagb-block-483a92cd alignfull uagb-is-root-container\"><div class=\"uagb-container-inner-blocks-wrap\">\n<div class=\"wp-block-uagb-container uagb-block-4b1402aa\">\n<div class=\"wp-block-uagb-info-box uagb-block-95a5feec uagb-infobox__content-wrap  uagb-infobox-icon-above-title uagb-infobox-image-valign-top wp-block-uagb-info-box--has-margin aos-fade-up\"><div class=\"uagb-infobox-margin-wrapper\"><div class=\"uagb-ifb-content\"><div class=\"uagb-ifb-title-wrap\"><span class=\"uagb-ifb-title-prefix\">A propos <\/span><h2 class=\"uagb-ifb-title\">Michelle DELARDIERE, Psychologue engag\u00e9e<\/h2><\/div><p class=\"uagb-ifb-desc\">Je suis Michelle DELARDIERE, psychologue exp\u00e9riment\u00e9e. J\u2019accompagne les personnes de mani\u00e8re individualis\u00e9e, et j\u2019anime \u00e9galement des th\u00e9rapies de groupe. Mon approche repose sur une \u00e9coute bienveillante et un profond respect des besoins de chacun, afin d\u2019offrir un espace s\u00e9curisant et propice au mieux-\u00eatre psychologique.<\/p><div class=\"uagb-ifb-button-wrapper wp-block-button\"><a href=\"about\/\" class=\"uagb-infobox-cta-link wp-block-button__link\" target=\"_self\" rel=\"noopener noreferrer\" onclick=\"return true;\"><span class=\"uagb-inline-editing\">En savoir plus<\/span><\/a><\/div><\/div><\/div><\/div>\n<\/div>\n\n\n\n<div class=\"wp-block-uagb-container uagb-block-1e7d4779\">\n<div class=\"wp-block-uagb-image alignleft uagb-block-b14d98aa wp-block-uagb-image--layout-default wp-block-uagb-image--effect-static wp-block-uagb-image--align-left aligncenter aos-fade-up aos-delay-500\"><figure class=\"wp-block-uagb-image__figure\"><img decoding=\"async\" srcset=\"https:\/\/www.rolland-design-creation.fr\/psychologue\/wp-content\/uploads\/2025\/05\/pexels-photo-4098225.jpeg ,https:\/\/www.rolland-design-creation.fr\/psychologue\/wp-content\/uploads\/2025\/05\/pexels-photo-4098225.jpeg 780w, https:\/\/www.rolland-design-creation.fr\/psychologue\/wp-content\/uploads\/2025\/05\/pexels-photo-4098225.jpeg 360w\" sizes=\"auto, (max-width: 480px) 150px\" src=\"https:\/\/www.rolland-design-creation.fr\/psychologue\/wp-content\/uploads\/2025\/05\/pexels-photo-4098225.jpeg\" alt=\"\" class=\"uag-image-14\" width=\"600\" height=\"626\" title=\"about-us\" loading=\"lazy\" role=\"img\"\/><\/figure><\/div>\n<\/div>\n<\/div><\/div>\n\n\n\n<div class=\"wp-block-uagb-container uagb-block-e6e6d851 alignfull uagb-is-root-container\"><div class=\"uagb-container-inner-blocks-wrap\">\n<div class=\"wp-block-uagb-info-box uagb-block-209471ca uagb-infobox__content-wrap  uagb-infobox-icon-above-title uagb-infobox-image-valign-top wp-block-uagb-info-box--has-margin\"><div class=\"uagb-infobox-margin-wrapper\"><div class=\"uagb-ifb-content\"><div class=\"uagb-ifb-title-wrap\"><span class=\"uagb-ifb-title-prefix\">Mes valeurs<\/span><h2 class=\"uagb-ifb-title\">Mes valeurs fondamentales<\/h2><\/div><\/div><\/div><\/div>\n\n\n\n<div class=\"wp-block-uagb-container uagb-block-aef26be5\">\n<div class=\"wp-block-uagb-info-box uagb-block-7b3f2fde uagb-infobox__content-wrap  uagb-infobox-icon-above-title uagb-infobox-image-valign-top wp-block-uagb-info-box--has-margin aos-fade-up\"><div class=\"uagb-infobox-margin-wrapper\"><div class=\"uagb-ifb-content\"><div class=\"uagb-ifb-title-wrap\"><p class=\"uagb-ifb-title-prefix\">01<\/p><h3 class=\"uagb-ifb-title\">\u00c9coute<\/h3><\/div><p class=\"uagb-ifb-desc\">Je crois en l&rsquo;importance d&rsquo;une \u00e9coute attentive pour comprendre chaque individu. Cela permet de cr\u00e9er un espace de confiance et d&rsquo;accueil.<\/p><\/div><\/div><\/div>\n\n\n\n<div class=\"wp-block-uagb-info-box uagb-block-7c94c1b9 uagb-infobox__content-wrap  uagb-infobox-icon-above-title uagb-infobox-image-valign-top aos-fade-up aos-delay-500\"><div class=\"uagb-ifb-content\"><div class=\"uagb-ifb-title-wrap\"><p class=\"uagb-ifb-title-prefix\">02<\/p><h3 class=\"uagb-ifb-title\">Respect<\/h3><\/div><p class=\"uagb-ifb-desc\">Le respect des diff\u00e9rences et des besoins uniques de chaque personne est au c\u0153ur de mon m\u00e9tier. Chaque parcours est valoris\u00e9 et pris en compte.<\/p><\/div><\/div>\n\n\n\n<div class=\"wp-block-uagb-info-box uagb-block-d0590ba5 uagb-infobox__content-wrap  uagb-infobox-icon-above-title uagb-infobox-image-valign-top aos-fade-up aos-delay-700\"><div class=\"uagb-ifb-content\"><div class=\"uagb-ifb-title-wrap\"><p class=\"uagb-ifb-title-prefix\">03<\/p><h3 class=\"uagb-ifb-title\">Engagement<\/h3><\/div><p class=\"uagb-ifb-desc\">Je m&rsquo;engage \u00e0 accompagner mes clients \u00e0 chaque \u00e9tape de leur cheminement. Leur bien-\u00eatre est ma priorit\u00e9 absolue.<\/p><\/div><\/div>\n<\/div>\n<\/div><\/div>\n\n\n\n<div class=\"wp-block-uagb-container uagb-block-d9a2b9a6 alignfull uagb-is-root-container\"><div class=\"uagb-container-inner-blocks-wrap\">\n<div class=\"wp-block-uagb-slider uagb-block-1e00761b uagb-slider-container\"><div class=\"uagb-slides uagb-swiper\"><div class=\"swiper-wrapper\">\n<div class=\"wp-block-uagb-slider-child uagb-slider-child-wrap swiper-slide uagb-block-c89be499\"><div class=\"swiper-content\">\n<div class=\"wp-block-uagb-container uagb-layout-grid uagb-block-dffa3780 alignfull uagb-is-root-container\">\n<div class=\"wp-block-uagb-image uagb-block-42d8a7bc wp-block-uagb-image--layout-default wp-block-uagb-image--effect-static wp-block-uagb-image--align-none\"><figure class=\"wp-block-uagb-image__figure\"><img decoding=\"async\" srcset=\"https:\/\/www.rolland-design-creation.fr\/psychologue\/wp-content\/uploads\/2025\/05\/pexels-photo-4098275-1024x682.jpeg ,https:\/\/www.rolland-design-creation.fr\/psychologue\/wp-content\/uploads\/2025\/05\/pexels-photo-4098275.jpeg 780w, https:\/\/www.rolland-design-creation.fr\/psychologue\/wp-content\/uploads\/2025\/05\/pexels-photo-4098275.jpeg 360w\" sizes=\"auto, (max-width: 480px) 150px\" src=\"https:\/\/www.rolland-design-creation.fr\/psychologue\/wp-content\/uploads\/2025\/05\/pexels-photo-4098275-1024x682.jpeg\" alt=\"Confident woman sitting in thought, symbolizing strength and intelligence in a modern office.\" class=\"uag-image-19\" width=\"886\" height=\"591\" title=\"pexels-photo-4098275\" loading=\"lazy\" role=\"img\"\/><\/figure><\/div>\n\n\n\n<div class=\"wp-block-uagb-container uagb-block-7fb7a656\">\n<div class=\"wp-block-uagb-advanced-heading uagb-block-4d195db8\"><h1 class=\"uagb-heading-text\">Th\u00e9rapie Individuelle<\/h1><\/div>\n\n\n\n<div class=\"wp-block-uagb-info-box uagb-block-262cee79 uagb-infobox__content-wrap  uagb-infobox-icon-above-title uagb-infobox-image-valign-top\"><div class=\"uagb-ifb-content\"><div class=\"uagb-ifb-title-wrap\"><h2 class=\"uagb-ifb-title\">Avancez \u00e0 votre rythme, en toute confiance\u2026<\/h2><\/div><p class=\"uagb-ifb-desc\">La th\u00e9rapie individuelle offre un espace s\u00e9curis\u00e9 pour explorer vos \u00e9motions et vos pens\u00e9es. Je vous accompagne dans un processus de d\u00e9couverte de soi pour favoriser votre bien-\u00eatre mental.<\/p><div class=\"uagb-ifb-button-wrapper wp-block-button\"><a href=\"https:\/\/www.rolland-design-creation.fr\/psychologue\/therapie-individuelle\/\" class=\"uagb-infobox-cta-link wp-block-button__link\" target=\"_self\" rel=\"noopener noreferrer\" onclick=\"return true;\"><span class=\"uagb-inline-editing\">Plus d&rsquo;infos<\/span><svg xmlns=\"https:\/\/www.w3.org\/2000\/svg\" viewBox=\"0 0 512 512\"><path d=\"M512 256C512 397.4 397.4 512 256 512C114.6 512 0 397.4 0 256C0 114.6 114.6 0 256 0C397.4 0 512 114.6 512 256zM176 168V344C176 352.7 180.7 360.7 188.3 364.9C195.8 369.2 205.1 369 212.5 364.5L356.5 276.5C363.6 272.1 368 264.4 368 256C368 247.6 363.6 239.9 356.5 235.5L212.5 147.5C205.1 142.1 195.8 142.8 188.3 147.1C180.7 151.3 176 159.3 176 168V168z\"><\/path><\/svg><\/a><\/div><\/div><\/div>\n<\/div>\n<\/div>\n<\/div><\/div>\n\n\n\n<div class=\"wp-block-uagb-slider-child uagb-slider-child-wrap swiper-slide uagb-block-907230f2\"><div class=\"swiper-content\">\n<div class=\"wp-block-uagb-container uagb-layout-grid uagb-block-66760e9e alignfull uagb-is-root-container\">\n<div class=\"wp-block-uagb-image uagb-block-3e900856 wp-block-uagb-image--layout-default wp-block-uagb-image--effect-static wp-block-uagb-image--align-none\"><figure class=\"wp-block-uagb-image__figure\"><img decoding=\"async\" srcset=\"https:\/\/www.rolland-design-creation.fr\/psychologue\/wp-content\/uploads\/2025\/05\/mental-health-care-sketch-diagram_53876-128059_jpg-1024x910.jpg ,https:\/\/www.rolland-design-creation.fr\/psychologue\/wp-content\/uploads\/2025\/05\/mental-health-care-sketch-diagram_53876-128059_jpg.jpg 780w, https:\/\/www.rolland-design-creation.fr\/psychologue\/wp-content\/uploads\/2025\/05\/mental-health-care-sketch-diagram_53876-128059_jpg.jpg 360w\" sizes=\"auto, (max-width: 480px) 150px\" src=\"https:\/\/www.rolland-design-creation.fr\/psychologue\/wp-content\/uploads\/2025\/05\/mental-health-care-sketch-diagram_53876-128059_jpg-1024x910.jpg\" alt=\"\" class=\"uag-image-10\" width=\"886\" height=\"591\" title=\"mental-health-care-sketch-diagram_53876-128059_jpg\" loading=\"lazy\" role=\"img\"\/><\/figure><\/div>\n\n\n\n<div class=\"wp-block-uagb-container uagb-block-7cec0bdb\">\n<div class=\"wp-block-uagb-advanced-heading uagb-block-46803b9e\"><h1 class=\"uagb-heading-text\">Th\u00e9rapie de Groupe<\/h1><\/div>\n\n\n\n<div class=\"wp-block-uagb-info-box uagb-block-e2a10577 uagb-infobox__content-wrap  uagb-infobox-icon-above-title uagb-infobox-image-valign-top\"><div class=\"uagb-ifb-content\"><div class=\"uagb-ifb-title-wrap\"><h2 class=\"uagb-ifb-title\">Avancez ensemble dans un cadre bienveillant et s\u00e9curis\u00e9.\u2026<\/h2><\/div><p class=\"uagb-ifb-desc\">Les s\u00e9ances de th\u00e9rapie de groupe permettent de partager des exp\u00e9riences et de b\u00e9n\u00e9ficier des perspectives des autres. C\u2019est une opportunit\u00e9 enrichissante pour progresser ensemble dans un cadre bienveillant.<\/p><div class=\"uagb-ifb-button-wrapper wp-block-button\"><a href=\"#\" class=\"uagb-infobox-cta-link wp-block-button__link\" target=\"_self\" rel=\"noopener noreferrer\" onclick=\"return false;\"><span class=\"uagb-inline-editing\">Plus d&rsquo;infos<\/span><svg xmlns=\"https:\/\/www.w3.org\/2000\/svg\" viewBox=\"0 0 512 512\"><path d=\"M512 256C512 397.4 397.4 512 256 512C114.6 512 0 397.4 0 256C0 114.6 114.6 0 256 0C397.4 0 512 114.6 512 256zM176 168V344C176 352.7 180.7 360.7 188.3 364.9C195.8 369.2 205.1 369 212.5 364.5L356.5 276.5C363.6 272.1 368 264.4 368 256C368 247.6 363.6 239.9 356.5 235.5L212.5 147.5C205.1 142.1 195.8 142.8 188.3 147.1C180.7 151.3 176 159.3 176 168V168z\"><\/path><\/svg><\/a><\/div><\/div><\/div>\n<\/div>\n<\/div>\n<\/div><\/div>\n\n\n\n<div class=\"wp-block-uagb-slider-child uagb-slider-child-wrap swiper-slide uagb-block-6364fd2a\"><div class=\"swiper-content\">\n<div class=\"wp-block-uagb-container uagb-layout-grid uagb-block-def9554e alignfull uagb-is-root-container\">\n<div class=\"wp-block-uagb-image uagb-block-665d2866 wp-block-uagb-image--layout-default wp-block-uagb-image--effect-static wp-block-uagb-image--align-none\"><figure class=\"wp-block-uagb-image__figure\"><img decoding=\"async\" srcset=\"https:\/\/www.rolland-design-creation.fr\/psychologue\/wp-content\/uploads\/2025\/05\/freelance-artist-home-banner.jpg , https:\/\/www.rolland-design-creation.fr\/psychologue\/wp-content\/uploads\/2025\/05\/freelance-artist-home-banner.jpg 360w\" sizes=\"auto, (max-width: 480px) 150px\" src=\"https:\/\/www.rolland-design-creation.fr\/psychologue\/wp-content\/uploads\/2025\/05\/freelance-artist-home-banner.jpg\" alt=\"\" class=\"uag-image-495\" width=\"886\" height=\"591\" title=\"\" loading=\"lazy\" role=\"img\"\/><\/figure><\/div>\n\n\n\n<div class=\"wp-block-uagb-container uagb-block-1058ca9e\">\n<div class=\"wp-block-uagb-advanced-heading uagb-block-b0aab11c\"><h1 class=\"uagb-heading-text\">Ateliers \u00c9motionnels<\/h1><\/div>\n\n\n\n<div class=\"wp-block-uagb-info-box uagb-block-326abe33 uagb-infobox__content-wrap  uagb-infobox-icon-above-title uagb-infobox-image-valign-top\"><div class=\"uagb-ifb-content\"><div class=\"uagb-ifb-title-wrap\"><h2 class=\"uagb-ifb-title\">Apprenez \u00e0 reconna\u00eetre, comprendre et exprimer vos \u00e9motions\u2026<\/h2><\/div><p class=\"uagb-ifb-desc\">Nos ateliers \u00e9motionnels sont con\u00e7us pour vous aider \u00e0 mieux comprendre et g\u00e9rer vos sentiments. Ces sessions interactives favorisent la prise de conscience et le lien entre les participants.&nbsp;<\/p><div class=\"uagb-ifb-button-wrapper wp-block-button\"><a href=\"#\" class=\"uagb-infobox-cta-link wp-block-button__link\" target=\"_self\" rel=\"noopener noreferrer\" onclick=\"return false;\"><span class=\"uagb-inline-editing\">Plus d&rsquo;infos<\/span><svg xmlns=\"https:\/\/www.w3.org\/2000\/svg\" viewBox=\"0 0 512 512\"><path d=\"M512 256C512 397.4 397.4 512 256 512C114.6 512 0 397.4 0 256C0 114.6 114.6 0 256 0C397.4 0 512 114.6 512 256zM176 168V344C176 352.7 180.7 360.7 188.3 364.9C195.8 369.2 205.1 369 212.5 364.5L356.5 276.5C363.6 272.1 368 264.4 368 256C368 247.6 363.6 239.9 356.5 235.5L212.5 147.5C205.1 142.1 195.8 142.8 188.3 147.1C180.7 151.3 176 159.3 176 168V168z\"><\/path><\/svg><\/a><\/div><\/div><\/div>\n<\/div>\n<\/div>\n<\/div><\/div>\n<\/div><\/div><div class=\"swiper-pagination\"><\/div><div class=\"swiper-button-prev\"><\/div><div class=\"swiper-button-next\"><\/div><\/div>\n<\/div><\/div>\n\n\n\n<div class=\"wp-block-uagb-container aos-zoom-in uagb-block-03c421a9 alignfull uagb-is-root-container\"><div class=\"uagb-container-inner-blocks-wrap\">\n<div class=\"wp-block-uagb-info-box uagb-block-ad44d917 uagb-infobox__content-wrap  uagb-infobox-icon-above-title uagb-infobox-image-valign-top wp-block-uagb-info-box--has-margin aos-fade-up aos-delay-500\"><div class=\"uagb-infobox-margin-wrapper\"><div class=\"uagb-ifb-content\"><div class=\"uagb-ifb-title-wrap\"><h2 class=\"uagb-ifb-title\">Prenez le contr\u00f4le de votre Bien-\u00eatre mental<br> d\u00e8s aujourd&rsquo;hui<\/h2><\/div><div class=\"uagb-ifb-button-wrapper wp-block-button\"><a href=\"contact\/\" class=\"uagb-infobox-cta-link wp-block-button__link\" target=\"_self\" rel=\"noopener noreferrer\" onclick=\"return true;\"><span class=\"uagb-inline-editing\">Prendre rendez-vous<\/span><\/a><\/div><\/div><\/div><\/div>\n<\/div><\/div>\n\n\n\n<div class=\"wp-block-uagb-container uagb-block-bd294b54 alignfull uagb-is-root-container\"><div class=\"uagb-container-inner-blocks-wrap\">\n<div class=\"wp-block-uagb-container uagb-block-be752df5\">\n<div class=\"wp-block-uagb-info-box uagb-block-96de7bfb uagb-infobox__content-wrap  uagb-infobox-icon-above-title uagb-infobox-image-valign-top wp-block-uagb-info-box--has-margin\"><div class=\"uagb-infobox-margin-wrapper\"><div class=\"uagb-ifb-content\"><div class=\"uagb-ifb-title-wrap\"><span class=\"uagb-ifb-title-prefix\">Pourquoi me choisir<\/span><h2 class=\"uagb-ifb-title\">Les raisons pouvant amener \u00e0 me consulter<\/h2><\/div><p class=\"uagb-ifb-desc\">D\u00e9couvrez ce qui me distingue en tant que psychologue. Mes approches uniques et efficaces font toute la diff\u00e9rence.<\/p><\/div><\/div><\/div>\n<\/div>\n\n\n\n<div class=\"wp-block-uagb-container uagb-block-5b819529\">\n<div class=\"wp-block-uagb-advanced-heading uagb-block-4b269d2c aos-fade-up aos-delay-500\"><h3 class=\"uagb-heading-text\">Approche personnalis\u00e9e<\/h3><p class=\"uagb-desc-text\">Chaque client b\u00e9n\u00e9ficie d\u2019un plan d\u2019intervention adapt\u00e9 \u00e0 ses besoins. Je recommande une approche sur mesure pour un soutien efficace et enrichissant.<\/p><\/div>\n\n\n\n<div class=\"wp-block-uagb-advanced-heading uagb-block-bf44b603 aos-fade-up\"><div class=\"uagb-separator\"><\/div><h3 class=\"uagb-heading-text\">Environnement apaisant<\/h3><p class=\"uagb-desc-text\">Mon cabinet, situ\u00e9 au c\u0153ur de Paris, est con\u00e7u pour Offrir un cadre serein o\u00f9 mes clients peuvent se sentir en s\u00e9curit\u00e9 et \u00e0 l\u2019aise pendant leurs s\u00e9ances.<\/p><\/div>\n\n\n\n<div class=\"wp-block-uagb-advanced-heading uagb-block-22b475f2 aos-fade-up aos-delay-700\"><div class=\"uagb-separator\"><\/div><h3 class=\"uagb-heading-text\">Th\u00e9rapies vari\u00e9es<\/h3><p class=\"uagb-desc-text\">Que ce soit par des s\u00e9ances individuelles ou des groupes, j&rsquo;offre une gamme de th\u00e9rapies pour r\u00e9pondre aux diff\u00e9rents besoins \u00e9motionnels et psychologiques de mes clients.<\/p><\/div>\n<\/div>\n<\/div><\/div>\n\n\n\n<div class=\"wp-block-uagb-container uagb-block-ce5ee59e alignfull uagb-is-root-container\"><div class=\"uagb-container-inner-blocks-wrap\">\n<div class=\"wp-block-uagb-advanced-heading uagb-block-f9bf445f\"><h2 class=\"uagb-heading-text\">Ce que mes clients disent<\/h2><\/div>\n\n\n\n<div class=\"wp-block-uagb-container uagb-block-98ff33b0\">\n<div class=\"wp-block-uagb-container aos-flip-left uagb-block-5b50982f\">\n<div class=\"wp-block-uagb-info-box uagb-block-ed3b8211 uagb-infobox__content-wrap  uagb-infobox-icon-above-title uagb-infobox-image-valign-top\"><div class=\"uagb-ifb-content\"><div class=\"uagb-ifb-icon-wrap\"><svg xmlns=\"https:\/\/www.w3.org\/2000\/svg\" viewBox=\"0 0 448 512\"><path d=\"M96 224C84.72 224 74.05 226.3 64 229.9V224c0-35.3 28.7-64 64-64c17.67 0 32-14.33 32-32S145.7 96 128 96C57.42 96 0 153.4 0 224v96c0 53.02 42.98 96 96 96s96-42.98 96-96S149 224 96 224zM352 224c-11.28 0-21.95 2.305-32 5.879V224c0-35.3 28.7-64 64-64c17.67 0 32-14.33 32-32s-14.33-32-32-32c-70.58 0-128 57.42-128 128v96c0 53.02 42.98 96 96 96s96-42.98 96-96S405 224 352 224z\"><\/path><\/svg><\/div><div class=\"uagb-ifb-title-wrap\"><p class=\"uagb-ifb-title\">Michelle a \u00e9t\u00e9 un soutien inestimable pendant des moments difficiles. Son \u00e9coute et ses conseils m&rsquo;ont beaucoup aid\u00e9 \u00e0 avancer.<\/p><\/div><p class=\"uagb-ifb-desc\">&#8211; Jean Dupont<\/p><\/div><\/div>\n<\/div>\n\n\n\n<div class=\"wp-block-uagb-container aos-flip-left aos-delay-500 uagb-block-4aa12401\">\n<div class=\"wp-block-uagb-info-box uagb-block-0dcc7fa3 uagb-infobox__content-wrap  uagb-infobox-icon-above-title uagb-infobox-image-valign-top\"><div class=\"uagb-ifb-content\"><div class=\"uagb-ifb-icon-wrap\"><svg xmlns=\"https:\/\/www.w3.org\/2000\/svg\" viewBox=\"0 0 448 512\"><path d=\"M96 224C84.72 224 74.05 226.3 64 229.9V224c0-35.3 28.7-64 64-64c17.67 0 32-14.33 32-32S145.7 96 128 96C57.42 96 0 153.4 0 224v96c0 53.02 42.98 96 96 96s96-42.98 96-96S149 224 96 224zM352 224c-11.28 0-21.95 2.305-32 5.879V224c0-35.3 28.7-64 64-64c17.67 0 32-14.33 32-32s-14.33-32-32-32c-70.58 0-128 57.42-128 128v96c0 53.02 42.98 96 96 96s96-42.98 96-96S405 224 352 224z\"><\/path><\/svg><\/div><div class=\"uagb-ifb-title-wrap\"><p class=\"uagb-ifb-title\">Chaque s\u00e9ance avec Michelle m&rsquo;a permis d&rsquo;\u00e9voluer. Je me sens plus confiante et en paix avec moi-m\u00eame.<\/p><\/div><p class=\"uagb-ifb-desc\">&#8211; Marie Lefevre<\/p><\/div><\/div>\n<\/div>\n\n\n\n<div class=\"wp-block-uagb-container aos-flip-left aos-delay-700 uagb-block-df7e896a\">\n<div class=\"wp-block-uagb-info-box uagb-block-2c493b54 uagb-infobox__content-wrap  uagb-infobox-icon-above-title uagb-infobox-image-valign-top\"><div class=\"uagb-ifb-content\"><div class=\"uagb-ifb-icon-wrap\"><svg xmlns=\"https:\/\/www.w3.org\/2000\/svg\" viewBox=\"0 0 448 512\"><path d=\"M96 224C84.72 224 74.05 226.3 64 229.9V224c0-35.3 28.7-64 64-64c17.67 0 32-14.33 32-32S145.7 96 128 96C57.42 96 0 153.4 0 224v96c0 53.02 42.98 96 96 96s96-42.98 96-96S149 224 96 224zM352 224c-11.28 0-21.95 2.305-32 5.879V224c0-35.3 28.7-64 64-64c17.67 0 32-14.33 32-32s-14.33-32-32-32c-70.58 0-128 57.42-128 128v96c0 53.02 42.98 96 96 96s96-42.98 96-96S405 224 352 224z\"><\/path><\/svg><\/div><div class=\"uagb-ifb-title-wrap\"><p class=\"uagb-ifb-title\">La m\u00e9thode de Michelle est douce et efficace. Je recommande vivement ses services \u00e0 toute personne cherchant de l&rsquo;aide.<\/p><\/div><p class=\"uagb-ifb-desc\">&#8211; Sophie Bernard<\/p><\/div><\/div>\n<\/div>\n<\/div>\n<\/div><\/div>\n\n\n\n<div class=\"wp-block-uagb-container aos-zoom-in uagb-block-0d6e6fa5 alignfull uagb-is-root-container\"><div class=\"uagb-container-inner-blocks-wrap\">\n<div class=\"wp-block-uagb-info-box uagb-block-a3aa2356 uagb-infobox__content-wrap  uagb-infobox-icon-above-title uagb-infobox-image-valign-top wp-block-uagb-info-box--has-margin aos-fade-up aos-delay-500\"><div class=\"uagb-infobox-margin-wrapper\"><div class=\"uagb-ifb-content\"><div class=\"uagb-ifb-title-wrap\"><span class=\"uagb-ifb-title-prefix\">Ne restez pas seul,<\/span><h2 class=\"uagb-ifb-title\">Contactez-moi pour d\u00e9buter<\/h2><\/div><div class=\"uagb-ifb-button-wrapper wp-block-button\"><a href=\"\/contact\/\" class=\"uagb-infobox-cta-link wp-block-button__link\" target=\"_self\" rel=\"noopener noreferrer\" onclick=\"return true;\"><span class=\"uagb-inline-editing\">Prendre rendez-vous<\/span><\/a><\/div><\/div><\/div><\/div>\n<\/div><\/div>\n","protected":false},"excerpt":{"rendered":"<p>Approche personnalis\u00e9e Chaque client b\u00e9n\u00e9ficie d\u2019un plan d\u2019intervention adapt\u00e9 \u00e0 ses besoins. Je recommande une approche sur mesure pour un [&hellip;]<\/p>\n","protected":false},"author":1,"featured_media":0,"parent":0,"menu_order":0,"comment_status":"closed","ping_status":"closed","template":"","meta":{"_uag_custom_page_level_css":"","site-sidebar-layout":"default","site-content-layout":"page-builder","ast-site-content-layout":"default","site-content-style":"default","site-sidebar-style":"default","ast-global-header-display":"","ast-banner-title-visibility":"","ast-main-header-display":"","ast-hfb-above-header-display":"","ast-hfb-below-header-display":"","ast-hfb-mobile-header-display":"","site-post-title":"disabled","ast-breadcrumbs-content":"","ast-featured-img":"","footer-sml-layout":"","theme-transparent-header-meta":"enabled","adv-header-id-meta":"","stick-header-meta":"","header-above-stick-meta":"","header-main-stick-meta":"","header-below-stick-meta":"","astra-migrate-meta-layouts":"set","ast-page-background-enabled":"default","ast-page-background-meta":{"desktop":{"background-color":"var(--ast-global-color-4)","background-image":"","background-repeat":"repeat","background-position":"center center","background-size":"auto","background-attachment":"scroll","background-type":"","background-media":"","overlay-type":"","overlay-color":"","overlay-opacity":"","overlay-gradient":""},"tablet":{"background-color":"","background-image":"","background-repeat":"repeat","background-position":"center center","background-size":"auto","background-attachment":"scroll","background-type":"","background-media":"","overlay-type":"","overlay-color":"","overlay-opacity":"","overlay-gradient":""},"mobile":{"background-color":"","background-image":"","background-repeat":"repeat","background-position":"center center","background-size":"auto","background-attachment":"scroll","background-type":"","background-media":"","overlay-type":"","overlay-color":"","overlay-opacity":"","overlay-gradient":""}},"ast-content-background-meta":{"desktop":{"background-color":"var(--ast-global-color-5)","background-image":"","background-repeat":"repeat","background-position":"center center","background-size":"auto","background-attachment":"scroll","background-type":"","background-media":"","overlay-type":"","overlay-color":"","overlay-opacity":"","overlay-gradient":""},"tablet":{"background-color":"var(--ast-global-color-5)","background-image":"","background-repeat":"repeat","background-position":"center center","background-size":"auto","background-attachment":"scroll","background-type":"","background-media":"","overlay-type":"","overlay-color":"","overlay-opacity":"","overlay-gradient":""},"mobile":{"background-color":"var(--ast-global-color-5)","background-image":"","background-repeat":"repeat","background-position":"center center","background-size":"auto","background-attachment":"scroll","background-type":"","background-media":"","overlay-type":"","overlay-color":"","overlay-opacity":"","overlay-gradient":""}},"footnotes":""},"class_list":["post-32","page","type-page","status-publish","hentry"],"uagb_featured_image_src":{"full":false,"thumbnail":false,"medium":false,"medium_large":false,"large":false,"1536x1536":false,"2048x2048":false},"uagb_author_info":{"display_name":"webmaster","author_link":"https:\/\/www.rolland-design-creation.fr\/psychologue\/author\/webmaster\/"},"uagb_comment_info":0,"uagb_excerpt":"Approche personnalis\u00e9e Chaque client b\u00e9n\u00e9ficie d\u2019un plan d\u2019intervention adapt\u00e9 \u00e0 ses besoins. Je recommande une approche sur mesure pour un [&hellip;]","_links":{"self":[{"href":"https:\/\/www.rolland-design-creation.fr\/psychologue\/wp-json\/wp\/v2\/pages\/32","targetHints":{"allow":["GET"]}}],"collection":[{"href":"https:\/\/www.rolland-design-creation.fr\/psychologue\/wp-json\/wp\/v2\/pages"}],"about":[{"href":"https:\/\/www.rolland-design-creation.fr\/psychologue\/wp-json\/wp\/v2\/types\/page"}],"author":[{"embeddable":true,"href":"https:\/\/www.rolland-design-creation.fr\/psychologue\/wp-json\/wp\/v2\/users\/1"}],"replies":[{"embeddable":true,"href":"https:\/\/www.rolland-design-creation.fr\/psychologue\/wp-json\/wp\/v2\/comments?post=32"}],"version-history":[{"count":16,"href":"https:\/\/www.rolland-design-creation.fr\/psychologue\/wp-json\/wp\/v2\/pages\/32\/revisions"}],"predecessor-version":[{"id":1354,"href":"https:\/\/www.rolland-design-creation.fr\/psychologue\/wp-json\/wp\/v2\/pages\/32\/revisions\/1354"}],"wp:attachment":[{"href":"https:\/\/www.rolland-design-creation.fr\/psychologue\/wp-json\/wp\/v2\/media?parent=32"}],"curies":[{"name":"wp","href":"https:\/\/api.w.org\/{rel}","templated":true}]}}